*2 + 20*r + 6. What is o(-8)?
-26
Let v(k) = -k - 3. Determine v(-4).
1
Let c(q) = -q**2 - 13. What is c(-3)?
-22
Let a(v) = v**3 - 2*v + 1. Give a(1).
0
Let f(w) = w**2 + 15*w - 22. Give f(-16).
-6
Let x(n) = n**3 - 8*n**2 + 8*n + 9. Determine x(6).
-15
Let v(r) = -r**3 - 7*r**2 - 3*r + 2. Calculate v(-2).
-12
Let g(l) = l**3 - 8*l**2 - 11*l + 11. Give g(9).
-7
Let a(z) = 9*z + 64. Give a(-9).
-17
Let k(l) = 29*l - 124. Determine k(4).
-8
Let r(n) = 16*n + 250. Calculate r(-16).
-6
Let m(i) = -i**2 + 40*i - 126. What is m(36)?
18
Let d(v) = -v**3 + 6*v**2 + 3*v - 5. Give d(6).
13
Let h(n) = -n**2 - 2*n + 30. Give h(-7).
-5
Let z(v) = -v**2 + 10*v + 27. What is z(0)?
27
Let w(a) = -2*a**3 + 7*a**2 - 3*a - 19. Give w(4).
-47
Let z(q) = 2*q**2 - 3*q + 2. What is z(2)?
4
Let d(r) = -r - 10. Give d(-9).
-1
Let s(d) = d**2 - 8*d + 4. Determine s(7).
-3
Let j(m) = -m**2 - 26*m - 30. Calculate j(-22).
58
Let k(r) = -r**3 + 8*r**2 - 11*r - 5. Determine k(6).
1
Let a(u) = -u + 8. Calculate a(5).
3
Let f(c) = -2*c**3 + 9*c**2 + 11*c - 15. Determine f(5).
15
Let r(m) = -m**2 + 14*m - 39. Calculate r(11).
-6
Let n(i) = -i**3 - 4*i**2 - 5*i. What is n(-4)?
20
Let n(o) = -o**3 - 11*o**2 + 17. Give n(-11).
17
Let u(l) = l**2 + 13*l - 32. Determine u(-15).
-2
Let m(x) = x**3 + 11*x**2 + 8*x + 7. Calculate m(-10).
27
Let u(p) = -26*p**2 - 20*p + 19. Calculate u(1).
-27
Let y(r) = r**3 - 10*r**2 + 4*r + 38. Give y(9).
-7
Let o(v) = 13*v**2. Give o(-1).
13
Let w(r) = -6*r**2 - 40*r + 8. Give w(-7).
-6
Let k(a) = -3*a**2 + 3*a - 10. Give k(-4).
-70
Let n(r) = -29*r - 1. What is n(-2)?
57
Let p(h) = h**2 - 14*h - 7. Calculate p(14).
-7
Let y(i) = 2*i**2 - 3*i. Calculate y(2).
2
Let g(p) = p**3 + 10*p**2 - p + 6. Calculate g(-10).
16
Let r(i) = -i**2 - 14*i + 33. Give r(-16).
1
Let i(l) = -11*l + 13. What is i(2)?
-9
Let n(f) = -5*f + 51. Determine n(8).
11
Let g(y) = -y**2 - 12*y + 10. What is g(-13)?
-3
Let s(a) = 9*a**2 - 2*a - 1. Give s(-1).
10
Let o(i) = i**3 - 12*i**2 - 27*i - 8. Calculate o(14).
6
Let y(a) = -3*a + 61. Give y(19).
4
Let b(w) = w**2 + 19*w + 55. What is b(-3)?
7
Let u(m) = m. Calculate u(6).
6
Let m(q) = 8*q - 126. Determine m(12).
-30
Let l(w) = -w + 37. Determine l(14).
23
Let y(g) = 2*g**2 + 3*g + 9. Give y(-5).
44
Let f(a) = -10*a - 51. What is f(-10)?
49
Let h(q) = -28*q - 41. Give h(-2).
15
Let o(i) = 6*i - 1. Give o(-4).
-25
Let y(h) = h**3 + 5*h**2 + h + 2. Calculate y(-4).
14
Let w(c) = c**3 + 13*c**2 - 16*c - 34. Calculate w(-14).
-6
Let k(p) = p**2 + 11*p - 10. What is k(-12)?
2
Let f(y) = -y**3 - 16*y**2 + 13*y - 38. Give f(-17).
30
Let o(f) = -12*f - 236. Determine o(-19).
-8
Let q(n) = -n**3 + 12*n**2 - n + 5. Give q(12).
-7
Let d(t) = 16*t + 48. Determine d(-4).
-16
Let c(i) = -i**3 - 11*i**2 - 20*i + 5. Calculate c(-4).
-27
Let t(i) = i**3 - 28*i**2 - 26*i - 25. Calculate t(29).
62
Let s(v) = -v**3 - 5*v**2 + 6*v + 4. Give s(-5).
-26
Let w(m) = 2*m - 28. Calculate w(10).
-8
Let l(a) = 5*a + 37. Calculate l(-8).
-3
Let d(y) = -y**2 + 4*y + 188. Determine d(-12).
-4
Let x(c) = c**3 - 25*c**2 - 9*c + 231. Determine x(25).
6
Let t(c) = -5*c + 120. Calculate t(22).
10
Let b(v) = -v - 5. What is b(8)?
-13
Let j(m) = -4*m - 15. Give j(-6).
9
Let o(m) = -m**3 - 24*m**2 - 19*m + 33. What is o(-23)?
-59
Let y(c) = c**2 - c + 1. Give y(5).
21
Let v(j) = -j**2 - 16*j - 21. Calculate v(-12).
27
Let g(j) = 4*j**3 - 2*j**2 - 4*j - 2. Give g(-2).
-34
Let n(w) = -8*w + 54. Calculate n(6).
6
Let o(n) = -n**3 - 30*n**2 + 3*n + 93. Give o(-30).
3
Let o(r) = 14*r + 9. Determine o(-3).
-33
Let y(t) = -t**2 - 37*t + 357. Give y(8).
-3
Let t(z) = -z**2 + z + 36. Calculate t(7).
-6
Let t(j) = -19*j - 176. Calculate t(-9).
-5
Let z(u) = -u**3 - u**2 + 5*u + 3. Determine z(-3).
6
Let c(i) = -i**3 - 4*i**2 - 4*i - 1. Give c(-3).
2
Let h(q) = -2*q - 10. Give h(-8).
6
Let y(i) = -i**3 - 14*i**2 + 4*i + 49. What is y(-14)?
-7
Let u(l) = -l**2 + 8*l + 122. Calculate u(-8).
-6
Let m(x) = 11*x + 250. Give m(-23).
-3
Let y(b) = -b**3 - 17*b**2 + 19*b + 3. Calculate y(-18).
-15
Let x(w) = w + 4. Calculate x(2).
6
Let b(n) = -n**2 + 7*n + 1. What is b(7)?
1
Let f(y) = -31*y - 86. Determine f(-3).
7
Let c(o) = -2*o + 30. Give c(14).
2
Let u(c) = -c**3 + 7*c**2 - 6*c + 5. What is u(5)?
25
Let j(t) = -54*t + 5. Determine j(-2).
113
Let r(n) = -n + 43. Calculate r(28).
15
Let d(y) = 2*y**2 - 7*y + 5. What is d(5)?
20
Let j(g) = g**3 - 33*g**2 - 36*g + 60. Determine j(34).
-8
Let l(n) = n + 6. Calculate l(-18).
-12
Let h(w) = -3*w**3 - w. Give h(-1).
4
Let c(g) = 21*g**3 - g**2. Determine c(-1).
-22
Let d(k) = 2*k**2 + 6*k - 6. Give d(-6).
30
Let n(o) = o - 12. What is n(-10)?
-22
Let l(u) = -13*u. What is l(4)?
-52
Let k(c) = -29*c + 4. Determine k(-1).
33
Let p(d) = -d**2 - 9*d + 3. Give p(-9).
3
Let y(f) = -24*f - 10. What is y(3)?
-82
Let b(y) = -y + 6. Calculate b(6).
0
Let m(w) = 4*w + 5. Calculate m(-3).
-7
Let u(f) = -6*f**3 - f**2 + 4*f - 3. Calculate u(2).
-47
Let q(v) = 5*v + 16. Determine q(-5).
-9
Let z(t) = -2*t**2 - 39*t - 41. Determine z(-20).
-61
Let b(g) = -g**2 + 7*g - 14. Give b(6).
-8
Let x(t) = -2*t + 6. Determine x(1).
4
Let m(b) = -37*b**3 - b**2 + 2*b - 1. What is m(1)?
-37
Let v(k) = -75*k + 83. Determine v(1).
8
Let r(u) = -u**3 + 12*u**2 + u - 18. Determine r(12).
-6
Let r(w) = 28*w**3 + w**2 - 1. Calculate r(1).
28
Let p(u) = 3*u + 57. Calculate p(-19).
0
Let b(x) = -x**3 + 22*x**2 - 27*x + 115. Calculate b(21).
-11
Let z(r) = -r**3 + 6*r**2 - 9*r + 7. Determine z(6).
-47
Let a(d) = -13*d**2 - 2*d + 2. Calculate a(1).
-13
Let s(j) = -35*j - 344. What is s(-10)?
6
Let y(n) = n**3 - 17*n**2 + 19*n + 16. What is y(16)?
64
Let h(g) = 2*g**3 - 4*g**2 + 3*g - 2. What is h(2)?
4
Let l(v) = -25*v + 10. Give l(0).
10
Let m(a) = -5*a**2 + 7*a - 11. What is m(2)?
-17
Let v(n) = -5*n - 18. Determine v(-3).
-3
Let m(t) = t**3 - t**2 - 6*t + 8. Give m(2).
0
Let j(z) = z**2 + z - 1. Calculate j(3).
11
Let w(y) = -33*y + 224. Give w(7).
-7
Let o(g) = g**3 - 2*g - 1. Determine o(2).
3
Let t(b) = b**3 - 7*b**2 + 24*b - 48. Calculate t(3).
-12
Let d(k) = -k**3 - 8*k**2 - 15*k. Determine d(-6).
18
Let w(l) = -4*l - 38. Give w(-13).
14
Let n(l) = 27*l**2 + 2*l - 1. Give n(-1).
24
Let l(u) = 2*u + 12. What is l(-13)?
-14
Let m(y) = -y**2 - 28*y - 64. Determine m(-26).
-12
Let z(m) = -m**3 - 18*m**2 - 17*m + 3. Calculate z(-17).
3
Let l(t) = -11*t - 92. What is l(-10)?
18
Let w(d) = d**3 + 19*d**2 - 11*d + 186. What is w(-20)?
6
Let q(x) = 14*x - 61. What is q(4)?
-5
Let t(s) = -2*s**2 - 33*s - 117. What is t(-6)?
9
Let d(j) = -j**3 - 25*j**2 - 26*j - 60. Calculate d(-24).
-12
Let k(y) = 4*y - 44. Give k(7).
-16
Let w(z) = -4*z - 2. Give w(-4).
14
Let v(n) = 7*n - 3. Determine v(5).
32
Let j(h) = -h**3 - 4*h**2 + 2*h + 2. Give j(2).
-18
Let i(p) = p**3 - 15*p**2 - 34*p - 9. Calculate i(17).
-9
Let f(u) = -15*u**3 + 2*u - 1. Determine f(1).
-14
Let n(g) = -g**2 - 13*g + 4. What is n(-6)?
46
Let q(n) = 52*n + 52. What is q(-1)?
0
Let h(c) = -c**2 + 9. Give h(6).
-27
Let z(w) = -13*w - 9. Give z(4).
-61
Let q(z) = 7*z - 4. Give q(2).
10
Let f(s) = -s**3 - s**2 + 25*s - 23. Determine f(1).
0
Let b(l) = -l**2 + 17*l - 5. Determine b(17).
-5
Let x(b) = -b - 12. Determine x(-8).
-4
Let u(q) = -4*q**2 + 2*q + 2. Calculate u(-1).
-4
Let d(q) = 13*q - 41. What is d(18)?
193
Let b(y) = -10*y + 2. Calculate b(5).
-48
Let p(a) = -a**3 + 5*a**2 + 17*a - 5. Determine p(-4).
71
Let i(h) = -h**2 - 8*h - 10. Give i(-7).
-3
Let t(w) = -w - 23. What is t(-19)?
-4
Let o(x) = x**3 - x**2 + 3*x + 3. Give o(-2).
-15
Let a(m) = m**2 + m + 7. Calculate a(-3).
13
Let q(b) = b**3 - 4*b**2 - b - 5. Calculate q(5).
15
Let b(w) = -27*w**2 - 2*w + 1. Give b(1).
-28
Let y(q) = 4*q**2 - 18*q + 17. Give y(5).
27
Let c(v) = v**3 + 2*v**2 + 2*v - 2. Give c(2).
18
Let v(r) = -r**2 - 3*r + 6. Determine v(-5).
-4
Let m(o) = -2*o + 9. Determine m(-10).
29
Let c(v) = -v**2 - 4*v - 14. Determine c(0).
-14
Let h(i) = 3*i - 50. Give h(20).
10
Let z(g) = -g**3 + 6*g**2 + 7*g + 10. Give z(7).
10
Let d(m) = -11*m + 37. Determine d(9).
-62
Let a(n) = -4*n - 1. Determine a(7).
-29
Let u(p) = 14*p + 49. Calculate u(-8).
-63
Let i(g) = -g**2 + 11*g + 1. Determine i(8).
25
Let x(m) = 2*m - 9. What is x(0)?
-9